 -13?
-11751234
In base 14, what is -3c12d + 98?
-3c075
In base 8, what is 3125062 - 4?
3125056
In base 3, what is -1110000222 + 100122222?
-1002101000
In base 15, what is 4bae8 - -13?
4bb0b
In base 16, what is -3 - a1351?
-a1354
In base 8, what is -70763444 - 3?
-70763447
In base 6, what is 2023 - -40525401?
40531424
In base 11, what is -47164663 - -3?
-47164660
In base 9, what is 6100 + 1421?
7521
In base 7, what is -5101163 + -14?
-5101210
In base 3, what is -11121111200011 + -12?
-11121111200100
In base 4, what is 1103312032221223 + -2?
1103312032221221
In base 11, what is -2753a + -294?
-27823
In base 2, what is -11110010101110000101 - 11110?
-11110010101110100011
In base 13, what is -175211c2 + 0?
-175211c2
In base 5, what is 1331 - 3431004?
-3424123
In base 10, what is 2093395 + -50?
2093345
In base 13, what is -1b309 + 1b1?
-1b128
In base 12, what is 87 - -121bb8?
122083
In base 16, what is -1245 - 1220?
-2465
In base 13, what is -b35ac98 + 2?
-b35ac96
In base 15, what is -239be + -22?
-239e1
In base 4, what is 11331233101 - -1?
11331233102
In base 2, what is -1010011011110101 + 101101?
-1010011011001000
In base 14, what is -658 + 17672?
17018
In base 11, what is 279 - -659605?
659883
In base 6, what is -13403504053 + -2?
-13403504055
In base 3, what is 12011020022 - 10012?
12011010010
In base 10, what is 43 - 88327?
-88284
In base 12, what is 303a + -11b0?
1a4a
In base 15, what is 403ce + 21?
40400
In base 9, what is -1376358 + -20?
-1376378
In base 5, what is -4 - 2021204323?
-2021204332
In base 14, what is -1811751 + -20?
-1811771
In base 15, what is 48e0 - -49?
4939
In base 16, what is e + a02c9?
a02d7
In base 12, what is -65bb114 - 24?
-65bb138
In base 6, what is 3 + 13023305552?
13023305555
In base 2, what is 100 + 101101000000010100001?
101101000000010100101
In base 12, what is -5b53 - 442?
-6395
In base 14, what is 172 - 5c28?
-5a96
In base 4, what is -112233 + 1002303?
230010
In base 9, what is 378 + 17066?
17455
In base 4, what is 12 + 220130231312?
220130231330
In base 12, what is -4 - 16a1792?
-16a1796
In base 11, what is 208065 + 50?
208105
In base 3, what is -11 - -1201000201102?
1201000201021
In base 13, what is 4 - 1c0840?
-1c0839
In base 8, what is 16170624 - -224?
16171050
In base 16, what is e - -43105?
43113
In base 10, what is 167822838 - -4?
167822842
In base 16, what is -143385 + 24?
-143361
In base 5, what is 430 - 21033402?
-21032422
In base 15, what is 43b03d + -8?
43b035
In base 12, what is -593a42 - 24?
-593a66
In base 12, what is -290 + -1a729b?
-1a756b
In base 5, what is -2013 + -4331014?
-4333032
In base 13, what is 1 + 4030b7?
4030b8
In base 13, what is 307b78 + 0?
307b78
In base 13, what is -5 - 6ca040?
-6ca045
In base 11, what is -79994 - -1078?
-78917
In base 12, what is 240819 + -1544?
23b295
In base 2, what is -1001100010000100111101 - 101110?
-1001100010000101101011
In base 10, what is -7589 - -7984?
395
In base 2, what is 11 + 1011001001111101101?
1011001001111110000
In base 6, what is 42 + -25321450?
-25321404
In base 11, what is -3418a - -22?
-34168
In base 4, what is -1013002 - 22212?
-1101220
In base 14, what is 2d96 + -95?
2d01
In base 13, what is 70c - c95?
-586
In base 4, what is -3231322 - -11203?
-3220113
In base 6, what is -10 + 102004331?
102004321
In base 5, what is 42220 - -4312030?
4404300
In base 16, what is abb2 + -2d0?
a8e2
In base 8, what is 1644007512 + -2?
1644007510
In base 15, what is -3 + 1022d6a?
1022d67
In base 8, what is -4543 + 200641?
174076
In base 5, what is -131301243 + 43?
-131301200
In base 7, what is 4 + 33405536?
33405543
In base 12, what is 0 - -6345a099?
6345a099
In base 14, what is 9da9c9 - d?
9da9ba
In base 16, what is -6bc65 + -1b?
-6bc80
In base 12, what is 20b1 - 407?
18a6
In base 13, what is 2aa689 + 3?
2aa68c
In base 2, what is -1111011011001101100001 + -11?
-1111011011001101100100
In base 6, what is 4 - -14423234111?
14423234115
In base 13, what is -b4601a5 - -b?
-b460197
In base 10, what is -167009 - -16?
-166993
In base 6, what is 1013 - 240222?
-235205
In base 15, what is -2 - 1558d2b?
-1558d2d
In base 13, what is 1a84 + -42447?
-40693
In base 9, what is -644 + 15436?
14682
In base 3, what is -22102212222 + -2022?
-22102222021
In base 2, what is 1101110 - -1011000110001101?
1011000111111011
In base 3, what is 1 + -1201200210211000?
-1201200210210222
In base 14, what is -51 - -23969a?
239649
In base 14, what is 4c - a265a?
-a260c
In base 8, what is -7132 + 36622?
27470
In base 6, what is 204054245 + -53?
204054152
In base 12, what is -56a6 + -1b9?
-58a3
In base 9, what is -1186586 - 44?
-1186641
In base 8, what is 3515347426 - -2?
3515347430
In base 13, what is 13b6 - ac2?
5c4
In base 12, what is 1820547 - -22?
1820569
In base 2, what is 100110111011000 - -100011010111?
101011010101111
In base 12, what is 2b1 + -54329?
-54038
In base 6, what is 0 + -32414321544?
-32414321544
In base 11, what is -5888 - -13499?
8711
In base 10, what is 2581625 - -6?
2581631
In base 16, what is -b37740 + 2?
-b3773e
In base 2, what is -11111101111010011001001101 - 11?
-11111101111010011001010000
In base 5, what is 303102242302 - 10?
303102242242
In base 3, what is 11 + 20020022100220?
20020022101001
In base 7, what is 11 - -635450463?
635450504
In base 11, what is -24440 - -2a1?
-2414a
In base 15, what is 1d + -29c54?
-29c36
In base 15, what is -19cad23 - 1a?
-19cad3d
In base 4, what is 203221222 - 31222?
203130000
In base 10, what is -2734143 + 4?
-2734139
In base 2, what is 101 + -11010000011100101101?
-11010000011100101000
In base 11, what is 39 + 20162?
201a0
In base 11, what is -782a3a55 + -13?
-782a3a68
In base 5, what is 0 - 103044424230?
-103044424230
In base 6, what is 12 + -205040455?
-205040443
In base 5, what is 144342 - 140232?
4110
In base 10, what is 3 + 113069788?
113069791
In base 5, what is 2344001130 - 21?
2344001104
In base 13, what is -3 - 2979733?
-2979736
In base 12, what is 50167 - -25a?
50405
In base 4, what is 2021 - 10012130003?
-10012121322
In base 2, what is -11 + 1001001000001101010011?
1001001000001101010000
In base 8, what is 116372 - 2655?
113515
In base 9, what is 430 + -170325?
-168785
In base 7, what is -3560 + 142202?
135312
In base 11, what is -4460407 + -2?
-4460409
In base 16, what is 115e383 + -e?
115e375
In base 13, what is 1293b + 15b3?
14221
In base 6, what is 10 + 143445505?
143445515
In base 7, what is 4165426 + -162?
4165234
In base 13, what is -4c - -1644c?
16400
In base 10, what is -421085 - 29?
-421114
In base 13, what is 1c813 - 472?
1c371
In base 13, what is 5 - 359bcc8?
-359bcc3
In base 11, what is -190432 - 18?
-19044a
In base 8, what is 263 - -141725?
142210
In base 7, what is -2 - 3100242405?
-3100242410
In base 9, what is -2 + 216231482?
216231480
In base 9, what is -256 - -82733?
82466
In base 12, what is 250b2 + 152?
25244
In base 5, what is 11 + 2221034132?
2221034143
In base 12, what is 1 + 4a3730?
4a3731
In base 3, what is 100000 - 11112001122?
-11111201122
In base 2, what is 1000111 + -11011110101000000100010?
-11011110100111111011011
In base 10, what is 102 + 53362?
53464
In base 4, what is -10 - 123131012131?
-123131012201
In base 11, what is 1 + 95785321?
95785322
In base 7, what is 1 - 33450633?
-33450632
In base 15, what is 5 + -ed42180?
-ed4217a
In base 13, what is -77070a + 5?
-770705
In base 15, what is -2b27114 + -11?
-2b27125
In base 10, what is 1254 + 22327?
23581
In base 13, what is -8 + 2c705b0?
2c705a5
In base 13, what is -20815 - 92?
-208a7
In base 10, what is -190540 + -158?
-190698
In base 15, what is -10 - -15e51bc?
15e51ac
In base 15, what is 0 + -486d37?
-486d37
In base 11, what is 400a4 - 8?
40097
In base 11, what is -5 + -1483572?
-1483577
In base 15, what is 326 - -538c?
56b3
In base 2, what is -10 - -11010110101100011010000011?
11010110101100011010000001
In base 7, what is 11412134112 + -2?
11412134110
In base 9, what is -8711102 - -1?
-8711101
In base 11, what is -725350 - 52?
-7253a2
In base 3, what is -2202020022 - 10212?
-2202101011
In base 6, what is -320034 + 421232?
101154
In base 2, what is 10010000000101001 + 1100111101?
10010001101100110
In base 13, what is 553 - -2b9b?
3421
In base 3, what is -2 + 20200201001120022?
20200201001120020
In base 15, what is 12 + -14375?
-14